In base 8, what is 75166 - -1113?
76301
In base 14, what is -2d834 - 76?
-2d8aa
In base 7, what is 1354544 + -1041?
1353503
In base 14, what is -1 - 27564c?
-27564d
In base 10, what is 974651 - 1795?
972856
In base 3, what is 22212120210211200 + 2?
22212120210211202
In base 8, what is 503 - -7574635?
7575340
In base 13, what is 93 - 13c358b?
-13c34c8
In base 5, what is -2410133 - 223?
-2410411
In base 5, what is -11142 - 330224003?
-330240200
In base 3, what is 2 + -21210222122?
-21210222120
In base 3, what is -1111 + 22002000120012?
22002000111201
In base 14, what is -3 + 84d9542?
84d953d
In base 9, what is -7887734 + 6?
-7887727
In base 6, what is 11120000 + -533?
11115023
In base 13, what is -1 - -a7bb076?
a7bb075
In base 15, what is -16c06e6d - -4?
-16c06e69
In base 5, what is 13 - 331433034?
-331433021
In base 7, what is 144253436 - 4?
144253432
In base 7, what is 11131633 + 10?
11131643
In base 13, what is -1 - -940a756?
940a755
In base 8, what is -124660 - -2105?
-122553
In base 4, what is -2232310 + -22023111?
-30322021
In base 5, what is -1300431414022 - 3?
-1300431414030
In base 15, what is 3659e1d - -11?
3659e2e
In base 8, what is 446102 - -2?
446104
In base 15, what is 4c265 - -369?
4c5ce
In base 10, what is -1444789 - -34?
-1444755
In base 5, what is 1211 + 1000201?
1001412
In base 15, what is 61 - 4583d?
-457cc
In base 2, what is 110101111101 - 100101110?
110001001111
In base 6, what is 444 - -33000325?
33001213
In base 12, what is 109 - 5a8314?
-5a8207
In base 6, what is -1004542 - -401?
-1004141
In base 16, what is 0 + -2fa388a?
-2fa388a
In base 14, what is 0 + -d41c1d8?
-d41c1d8
In base 12, what is -4b03a + -49?
-4b087
In base 8, what is -217340 + 34421?
-162717
In base 5, what is -1002 + -34113112?
-34114114
In base 6, what is 20351 - -32345?
53140
In base 8, what is -5 - -6034771?
6034764
In base 11, what is 143 + -1343212?
-134307a
In base 6, what is 222522011 - -2?
222522013
In base 9, what is 1371 + 268131?
270512
In base 3, what is -211002001000201011 + 11?
-211002001000201000
In base 5, what is 11244 - 33024?
-21230
In base 14, what is 0 + -65955?
-65955
In base 13, what is 4 - 648b50?
-648b49
In base 14, what is -c + -8b6594d?
-8b6595b
In base 7, what is 1055431114 + -5?
1055431106
In base 8, what is -1221 + -27546?
-30767
In base 3, what is 122110110121211 + 1022?
122110110200010
In base 11, what is -2136 + 32005?
2a97a
In base 16, what is -1b9a2ad - -5?
-1b9a2a8
In base 3, what is -100110 + -1010011112?
-1010111222
In base 10, what is 77 - 111623?
-111546
In base 10, what is 22764 + 161?
22925
In base 4, what is 11332023300 - -13121?
11332103021
In base 9, what is 38056154 - -2?
38056156
In base 13, what is -1 + -1712853?
-1712854
In base 14, what is 252d5 + -44?
25291
In base 4, what is 3020201012013 - -2?
3020201012021
In base 11, what is 26 + 31979a3?
3197a19
In base 2, what is 10111110011110011100011101100 - 11?
10111110011110011100011101001
In base 13, what is -120764 - -43?
-120721
In base 6, what is 142 - -303443?
304025
In base 10, what is 216101495 - 0?
216101495
In base 10, what is 322 - 20693?
-20371
In base 14, what is 2578bc + -71?
25784b
In base 5, what is -110214042 + 120?
-110213422
In base 6, what is 15302125344 + 3?
15302125351
In base 15, what is 375 - 608b?
-5c16
In base 11, what is 94a3 - 4024?
547a
In base 15, what is -3b7 + -42e?
-7e6
In base 11, what is -2234 + 62665?
60431
In base 9, what is -2 + -116884463?
-116884465
In base 11, what is 575a370 - -4?
575a374
In base 11, what is 419234447 + 0?
419234447
In base 12, what is -3 + b394712?
b39470b
In base 13, what is -16 - 3312a90?
-3312aa6
In base 7, what is 23 - -344453304?
344453330
In base 9, what is 278336 + -45?
278281
In base 8, what is -2663220 - -45?
-2663153
In base 15, what is 27138e - 4?
27138a
In base 9, what is -2847 - 13653?
-16611
In base 6, what is -3 + -4321251451?
-4321251454
In base 2, what is -101 - -10101000010110110000?
10101000010110101011
In base 2, what is -100 + 10000011110100100010111001?
10000011110100100010110101
In base 2, what is -1011001100 - 10101011001010011?
-10101100100011111
In base 2, what is -100010 - -1110001111000001101100?
1110001111000001001010
In base 5, what is -11410134134 - -1?
-11410134133
In base 8, what is -2213364440 + -4?
-2213364444
In base 5, what is -42312342 - -3?
-42312334
In base 14, what is 27c64 - 37?
27c2b
In base 8, what is -12064 - 3622?
-15706
In base 14, what is 4a475 + b?
4a482
In base 7, what is -303 + 1663121?
1662515
In base 7, what is 15 - 2403531165?
-2403531150
In base 15, what is -c9c7 - -47d?
-c549
In base 6, what is -2332302 + -30?
-2332332
In base 8, what is 213336 - 167?
213147
In base 10, what is -19 + 1209948?
1209929
In base 7, what is 1011550 + 13?
1011563
In base 2, what is -110101000001000100110 + -100100001?
-110101000001101000111
In base 14, what is 235 + 1dc7b6?
1dca0b
In base 10, what is 1055 - -6567?
7622
In base 16, what is 478cf7 - 2?
478cf5
In base 16, what is 169022 + -4?
16901e
In base 11, what is -581089273 + 2?
-581089271
In base 7, what is 3 + -152514442?
-152514436
In base 6, what is -204423 - -14042?
-150341
In base 4, what is -2010301 + 1022330?
-321311
In base 10, what is 101371 - 8?
101363
In base 2, what is -1001010010100111100 + 10001?
-1001010010100101011
In base 14, what is -c - -94630?
94622
In base 4, what is -1311 + 11121002332?
11121001021
In base 15, what is 215ae + 125?
216d4
In base 9, what is 564870 + -524?
564345
In base 10, what is 2560 + 5463?
8023
In base 8, what is -124611 - -4601?
-120010
In base 9, what is 53213787 + 0?
53213787
In base 3, what is -10012121 - -2001201?
-1010220
In base 12, what is 126a918bb - 1?
126a918ba
In base 7, what is 0 + -561232600?
-561232600
In base 7, what is 5520612 + 44?
5520656
In base 14, what is 7567 + 1ba?
7743
In base 16, what is 18b + 12e44?
12fcf
In base 5, what is 10 + -233104003?
-233103443
In base 4, what is -13323 - 3022233?
-3102222
In base 16, what is 118568f - -2?
1185691
In base 15, what is 2 + -131096b?
-1310969
In base 3, what is -12211110 + -100202112?
-120120222
In base 14, what is 0 - 234b6d?
-234b6d
In base 10, what is 19754021 - -8?
19754029
In base 14, what is -2b2 - -429a?
3dc8
In base 13, what is -826789 + c?
-82677a
In base 6, what is 422305233 + 20?
422305253
In base 3, what is -22100010002 + -12120?
-22100022122
In base 13, what is 1568c9a + -4?
1568c96
In base 14, what is 97484b + -9?
974842
In base 4, what is -20110 + 11023330?
11003220
In base 12, what is -101 + -2897b1?
-2898b2
In base 9, what is 261 - 61562?
-61301
In base 12, what is -3 - 1b4b54a?
-1b4b551
In base 6, what is -40413355 + 5?
-40413350
In base 8, what is -75624306 - -156?
-75624130
In base 6, what is 2543123010 - 14?
2543122552
In base 7, what is -13635 - -2661?
-10644
In base 7, what is 63353066 - 3?
63353063
In base 9, what is 28 - 20512?
-20473
In base 2, what is -1 + 101110011110010110?
101110011110010101
In base 9, what is 78 + -4621860?
-4621771
In base 15, what is -1cb - -22b1?
20d5
In base 11, what is -124637 - 39?
-124675
In base 13, what is 2906740b4 - -4?
2906740b8
In base 11, what is -6 - 43a677?
-43a682
In base 8, what is 3 - -546043327?
546043332
In base 13, what is 2 - -9017923?
9017925
In base 10, what is -4 - -90937042?
90937038
In base 8, what is -12072174 - 2?
-12072176
In base 14, what is -a69328 + 45?
-a692c3
In base 12, what is 96157 - 36?
96121
In base 3, what is -1220 + 221121101210?
221121022220
In base 8, what is 20 - 127576133?
-127576113
In base 13, what is -51c0 - 2662?
-7852
In base 7, what is -41 - -3214204?
3214133
In base 16, what is -b57 - 27c?
-dd3
In base 12, what is -33 - -577237?
577204
In base 5, what is 110322211 - -2?
110322213
In base 13, what is 9 - -230917b?
2309187
In base 6, what is -20352014 - 1250?
-20353304
In base 7, what is -66621404 - -4?
-66621400
In base 16, what is 297e7 - -48?
2982f
In base 3, what is -2002 - 1212001121010?
-1212001200012
In base 7, what is -2556 + -25206?
-31065
In base 8, what is -101224 + 1046?
-100156
In base 11, what is -3 + -2968904?
-2968907
In base 12, what is 53a8a31 + -2?
53a8a2b
In base 5, what is -134244 - 43133?
-232432
In base 12, what is 10 + 5a505?
5a515
In base 16, what is -20d7274 + 5?
-20d726f
In base 13,